{"id":266,"date":"2018-03-11T14:07:01","date_gmt":"2018-03-11T13:07:01","guid":{"rendered":"http:\/\/www.sankanje.com\/?page_id=266"},"modified":"2020-12-15T15:57:42","modified_gmt":"2020-12-15T14:57:42","slug":"proizvajalci-sportnih-sani","status":"publish","type":"page","link":"http:\/\/www.sankanje.com\/?page_id=266","title":{"rendered":"Proizvajalci \u0161portnih sani"},"content":{"rendered":"<h3>Slovenija<\/h3>\n<p><a href=\"http:\/\/www.sanke.si\/\" target=\"_blank\" rel=\"noopener noreferrer\">Kali\u0161nik<\/a><br \/>\n<a href=\"http:\/\/www.mizarstvo-rozic.si\/\" target=\"_blank\" rel=\"noopener noreferrer\">Ro\u017ei\u010d<\/a><br \/>\n<a href=\"http:\/\/www.mizarstvo-jerancic.si\/mizarstvo-in-montaze\/sanke-izdelava-sani\/\" target=\"_blank\" rel=\"noopener noreferrer\">Jeran\u010di\u010d<\/a><br \/>\n<a href=\"https:\/\/www.facebook.com\/Sanke-MAKS-158046157648499\/\" target=\"_blank\" rel=\"noopener noreferrer\">Maks<\/a><\/p>\n<h3>Tujina<\/h3>\n<p>Na <a href=\"http:\/\/www.rodelfuehrer.de\/rodel-links\" target=\"_blank\" rel=\"noopener noreferrer\">tej strani<\/a> so v prvem meniju na\u0161teti proizvajalci v tujini.<br \/>\n\u0160e ena <a href=\"https:\/\/www.rodelwelten.com\/hersteller\" target=\"_blank\" rel=\"noopener noreferrer\">stran<\/a> s tujimi proizvajalci.<\/p>\n","protected":false},"excerpt":{"rendered":"<p>Slovenija Kali\u0161nik Ro\u017ei\u010d Jeran\u010di\u010d Maks Tujina Na tej strani so v prvem meniju na\u0161teti proizvajalci v tujini. \u0160e ena stran s tujimi proizvajalci.<\/p>\n","protected":false},"author":2,"featured_media":271,"parent":2,"menu_order":3,"comment_status":"closed","ping_status":"closed","template":"","meta":{"footnotes":""},"class_list":["post-266","page","type-page","status-publish","has-post-thumbnail","hentry"],"_links":{"self":[{"href":"http:\/\/www.sankanje.com\/index.php?rest_route=\/wp\/v2\/pages\/266","targetHints":{"allow":["GET"]}}],"collection":[{"href":"http:\/\/www.sankanje.com\/index.php?rest_route=\/wp\/v2\/pages"}],"about":[{"href":"http:\/\/www.sankanje.com\/index.php?rest_route=\/wp\/v2\/types\/page"}],"author":[{"embeddable":true,"href":"http:\/\/www.sankanje.com\/index.php?rest_route=\/wp\/v2\/users\/2"}],"replies":[{"embeddable":true,"href":"http:\/\/www.sankanje.com\/index.php?rest_route=%2Fwp%2Fv2%2Fcomments&post=266"}],"version-history":[{"count":6,"href":"http:\/\/www.sankanje.com\/index.php?rest_route=\/wp\/v2\/pages\/266\/revisions"}],"predecessor-version":[{"id":1286,"href":"http:\/\/www.sankanje.com\/index.php?rest_route=\/wp\/v2\/pages\/266\/revisions\/1286"}],"up":[{"embeddable":true,"href":"http:\/\/www.sankanje.com\/index.php?rest_route=\/wp\/v2\/pages\/2"}],"wp:featuredmedia":[{"embeddable":true,"href":"http:\/\/www.sankanje.com\/index.php?rest_route=\/wp\/v2\/media\/271"}],"wp:attachment":[{"href":"http:\/\/www.sankanje.com\/index.php?rest_route=%2Fwp%2Fv2%2Fmedia&parent=266"}],"curies":[{"name":"wp","href":"https:\/\/api.w.org\/{rel}","templated":true}]}}