{"id":327,"date":"2018-05-04T21:58:41","date_gmt":"2018-05-04T19:58:41","guid":{"rendered":"http:\/\/www.sankanje.com\/?page_id=327"},"modified":"2022-02-22T20:42:14","modified_gmt":"2022-02-22T19:42:14","slug":"pokal-slovenije","status":"publish","type":"page","link":"http:\/\/www.sankanje.com\/?page_id=327","title":{"rendered":"POKAL SLOVENIJE"},"content":{"rendered":"<p><strong>Pokal Slovenije<\/strong> je serija rekreativnih sanka\u0161kih tekmovanj v zimskem \u010dasu. Tekmuje se s \u0161portnimi (enosedi, dvosedi) ter samote\u017enimi sanmi.<br \/>\nPokal poteka v organizaciji Sanka\u0161ke zveze Slovenije, izvajalci tekem pa so posamezni sanka\u0161ki klubi in \u0161portna dru\u0161tva.<\/p>\n<p><strong>Zaradi tehni\u010dnih te\u017eav pri &#8216;nakladanju&#8217; PDF dokumentov, podstran <span style=\"color: #0000ff;\">PS 2021\/22 in DP 2022<\/span> na \u017ealost ni na voljo. Moderator se iskreno opravi\u010dujem!<\/strong><\/p>\n<p><a href=\"http:\/\/www.sankanje.com\/?page_id=1291\">DP 2021<\/a><br \/>\n<a href=\"http:\/\/www.sankanje.com\/?page_id=980\">PS 2019\/20<\/a><br \/>\n<a href=\"http:\/\/www.sankanje.com\/?page_id=378\">PS 2018\/19 in DP 2019<\/a><br \/>\n<a href=\"http:\/\/www.sankanje.com\/?page_id=335\">PS 2017\/18 in DP 2018<\/a><br \/>\n<a href=\"http:\/\/www.sankanje.com\/?page_id=342\">PS 2016\/17 in DP 2017<\/a><br \/>\n<a href=\"http:\/\/www.sankanje.com\/?page_id=356\">PS 2015\/16 in DP 2016<\/a><br \/>\n<a href=\"http:\/\/www.sankanje.com\/?page_id=369\">PS 2014\/15 in DP 2015<\/a><br \/>\n<a href=\"http:\/\/www.sankanje.com\/?page_id=414\">PS 2013\/14 in DP 2014<\/a><br \/>\n<a href=\"http:\/\/www.sankanje.com\/?page_id=724\">PS 2012\/13 in DP 2013<\/a><br \/>\n<a href=\"http:\/\/www.sankanje.com\/?page_id=785\">PS 2011\/12 in DP 2012<\/a><br \/>\n<a href=\"http:\/\/www.sankanje.com\/?page_id=849\">PS 2010\/11 in DP 2011<\/a><br \/>\n<a href=\"http:\/\/www.sankanje.com\/?page_id=856\">PS 2009\/10 in DP 2010<\/a><br \/>\n<a href=\"http:\/\/www.sankanje.com\/?page_id=954\">PS 2008\/09 in DP 2009<\/a><\/p>\n<p>&#8230;Ostalo \u0161e v pripravi&#8230; &#8221;stej tjund&#8221;<\/p>\n<hr \/>\n<p><strong>Nekaj zanimivosti iz zgodovine pokala:<\/strong><\/p>\n<hr \/>\n<p>Prvi\u010d je bilo pokalno tekmovanje razpisano v sezoni 2005\/06, ko je bilo izpeljanih sedem tekem. \u0160tiri v Podljubelju ter po ena v Dolenji vasi, Idriji in Savskih jamah. Sodelovalo je 150 posameznikov in 6 ekip na samote\u017enih saneh. Zmagovalci kon\u010dnega se\u0161tevka po kategorijah so postali:<\/p>\n<ul>\n<li>Cicibanke: Nemec Nadja, Podljubelj<\/li>\n<li>Cicibani: Perko Klemen, Podljubelj<\/li>\n<li>Deklice: Podpe\u010dan Ne\u017ea, Podljubelj<\/li>\n<li>De\u010dki: Nemc Matic, Podljubelj<\/li>\n<li>Mladinke: Marn Erika, Podjubelj<\/li>\n<li>Mladinci: Pohleven Jure, \u017delezniki<\/li>\n<li>\u010clanice: \u017dnidar\u0161i\u010d Alenka, Idrija<\/li>\n<li>\u010clani: Bahun Uro\u0161, HRD<\/li>\n<li>St. \u010dlanice: Veber Vida, Podljubelj<\/li>\n<li>St. \u010dlani: Pohleven Franc, \u017delezniki<\/li>\n<li>Veteranke: Donik Vida, Podljubelj<\/li>\n<li>Veterani: Megli\u010d Jo\u017ee, Podljubelj<\/li>\n<li>Samote\u017ene sani: Tr\u017ei\u010d BPT (\u0160krjanc Benjamin)<\/li>\n<\/ul>\n<hr \/>\n<p>V naslednjih letih je bilo, v odvisnosti od sne\u017enih razmer, organiziranih razli\u010dno \u0161tevilo tekmovanj. Najmanj v sezoni 2019\/20, ki se je zaradi mile zime za\u010dela zelo pozno, zaklju\u010dila pa \u017ee po dveh tekmah. Prvo je izvedlo \u0160D Podljubelj na progi Zelenica, drugo pa SaK Jesenice v Savskih jamah. Dr\u017eavno prvenstvo v tej zimi ni bilo izpeljano.<\/p>\n<hr \/>\n<p>Najve\u010dje \u0161tevilo tekmovalcev na posami\u010dnem tekmovanju je \u017ee v prvi sezoni gostila Idrija s tekmo Za Taler: 74 posameznikov ter (izven konkurence) 1. dvosed in\u00a03 ekipe s samote\u017enimi sanmi.<\/p>\n<hr \/>\n<p>V prvih dveh letih Pokala Slovenije so bila Dr\u017eavna prvenstva izvedena lo\u010deno, v sezoni 2007\/08 pa za \u0161portne in samote\u017ene sani \u017ee v okviru Pokala Slovenije.<\/p>\n<hr \/>\n<p>Na najve\u010d razli\u010dnih prizori\u0161\u010dih v okolici doma\u010dega kraja je tekme pokala izpeljal klub iz Podljubelja. Leta 2019 so prenovili progo &#8216;Vrta\u010da&#8217; na Ljubelju, v spodnjem delu nekdanjega smu\u010di\u0161\u010da Zelenica. Na progi z novim imenom &#8216;Zelenica&#8217;, so kot prvo tekmo izvedli Bin\u010dev memorial, 29. februarja 2020.<\/p>\n<hr \/>\n<p>Poleg slovenskih tekmovalcev na tekmah Pokala Slovenije ob\u010dasno nastopijo tudi sanka\u010di iz Avstrije in Hrva\u0161ke.<\/p>\n<hr \/>\n<p>Najve\u010dkrat je bil zaklju\u010dek sezone, s finalno tekmo in podelitvijo pokalov, organiziran v Savskih jamah. Izvedba seveda v domeni doma\u010dega kluba- SaK Jesenice.<\/p>\n<hr \/>\n<p>Najuspe\u0161nej\u0161i klub po \u0161tevilu osvojenih pokalov je \u0160D Podljubelj.<\/p>\n<hr \/>\n<p>V Pokalu Slovenije je nastopilo \u017ee kar nekaj &#8216;znanih Slovencev&#8217; iz sveta glasbe, \u0161porta in politike. Med njimi aktualna \u017eupana Tr\u017ei\u010da in Idrije, g. Borut Sajovic in g. Toma\u017e Vencelj, ter Luka Rupnik- profesionalni ko\u0161arkar in slovenski reprezentant. Kot podeljevalec priznanj se je zaklju\u010dka sezone v Savskih jamah udele\u017eil tudi Miha Rebolj, pod\u017eupan ob\u010dine Jesenice, sicer uspe\u0161en (nekdanji) hokejist in slovenski dr\u017eavni reprezentant (drugi z desne na zgornji fotografiji).<\/p>\n<hr \/>\n<hr \/>\n","protected":false},"excerpt":{"rendered":"<p>Pokal Slovenije je serija rekreativnih sanka\u0161kih tekmovanj v zimskem \u010dasu. Tekmuje se s \u0161portnimi (enosedi, dvosedi) ter samote\u017enimi sanmi. Pokal poteka v organizaciji Sanka\u0161ke zveze Slovenije, izvajalci tekem pa so posamezni sanka\u0161ki klubi in \u0161portna dru\u0161tva. Zaradi tehni\u010dnih te\u017eav pri &#8216;nakladanju&#8217; PDF dokumentov, podstran PS 2021\/22 in DP 2022 na \u017ealost ni na voljo. Moderator &hellip; <a href=\"http:\/\/www.sankanje.com\/?page_id=327\" class=\"more-link\">Preberi ve\u010d o <span class=\"screen-reader-text\">POKAL SLOVENIJE<\/span><\/a><\/p>\n","protected":false},"author":2,"featured_media":395,"parent":0,"menu_order":0,"comment_status":"closed","ping_status":"closed","template":"","meta":{"footnotes":""},"class_list":["post-327","page","type-page","status-publish","has-post-thumbnail","hentry"],"_links":{"self":[{"href":"http:\/\/www.sankanje.com\/index.php?rest_route=\/wp\/v2\/pages\/327","targetHints":{"allow":["GET"]}}],"collection":[{"href":"http:\/\/www.sankanje.com\/index.php?rest_route=\/wp\/v2\/pages"}],"about":[{"href":"http:\/\/www.sankanje.com\/index.php?rest_route=\/wp\/v2\/types\/page"}],"author":[{"embeddable":true,"href":"http:\/\/www.sankanje.com\/index.php?rest_route=\/wp\/v2\/users\/2"}],"replies":[{"embeddable":true,"href":"http:\/\/www.sankanje.com\/index.php?rest_route=%2Fwp%2Fv2%2Fcomments&post=327"}],"version-history":[{"count":35,"href":"http:\/\/www.sankanje.com\/index.php?rest_route=\/wp\/v2\/pages\/327\/revisions"}],"predecessor-version":[{"id":1325,"href":"http:\/\/www.sankanje.com\/index.php?rest_route=\/wp\/v2\/pages\/327\/revisions\/1325"}],"wp:featuredmedia":[{"embeddable":true,"href":"http:\/\/www.sankanje.com\/index.php?rest_route=\/wp\/v2\/media\/395"}],"wp:attachment":[{"href":"http:\/\/www.sankanje.com\/index.php?rest_route=%2Fwp%2Fv2%2Fmedia&parent=327"}],"curies":[{"name":"wp","href":"https:\/\/api.w.org\/{rel}","templated":true}]}}