{"id":414,"date":"2018-09-30T19:32:14","date_gmt":"2018-09-30T17:32:14","guid":{"rendered":"http:\/\/www.sankanje.com\/?page_id=414"},"modified":"2020-03-03T08:28:19","modified_gmt":"2020-03-03T07:28:19","slug":"ps-201314-in-dp-2014","status":"publish","type":"page","link":"http:\/\/www.sankanje.com\/?page_id=414","title":{"rendered":"PS 2013\/14 in DP 2014"},"content":{"rendered":"<p>Dve tekmi v organizaciji SaK Jesenice, po ena&nbsp;\u0160D Podljubelj in SD Domel \u017delezniki.<\/p>\n<hr>\n<p><strong>Zmagovalci &nbsp;Pokala Slovenije<\/strong> po kategorijah:<\/p>\n<ul>\n<li>Cicibani: Kralj \u017diga, \u0160D Podljubelj<\/li>\n<li>\u0160olarke: Knific Maja, \u0160D Podljubelj<\/li>\n<li>\u0160olarji: Bahun Rok, SaK Jesenice<\/li>\n<li>Deklice: Nemec Nadja, \u0160D Podljubelj<\/li>\n<li>De\u010dki:&nbsp;&nbsp;Mekina Bine,&nbsp;\u017dirovnica<\/li>\n<li>Mladinke: Velikanje Tina, SaK Idrija<\/li>\n<li>Mladinci: Popovi\u010d Rok, SaK Jesenice<\/li>\n<li>\u010clanice: Lukan\u010di\u010d Bernarda, SD Domel \u017delezniki<\/li>\n<li>\u010clani: Rev Klemen, SaK Jesenice<\/li>\n<li>St. \u010dlanice: Tolar Tina, SD Domel \u017delezniki<\/li>\n<li>St. \u010dlani: Rakovec Vili, SD Domel \u017delezniki<\/li>\n<li>Veterani: Koler Stanko, SaK Idrija<\/li>\n<li>St. veteranke: Rev Barbara, SaK Jesenice<\/li>\n<li>St. veterani: Likar Branko, SaK Idrija<\/li>\n<\/ul>\n<hr>\n<p><strong>Dr\u017eavni prvaki<\/strong> za leto 2014 na Dr\u017eavnem prvenstvu Slovenije, 8. marca v Savskih Jamah:<\/p>\n<ul>\n<li>Cicibani: Kralj \u017diga, \u0160D Podljubelj<\/li>\n<li>\u0160olarji: Matev\u017e Vertelj, \u0160D Podljubelj<\/li>\n<li>Deklice: Nemec Nadja, \u0160D Podljubelj<\/li>\n<li>Mladinke: Velikanje Tina, SaK Idrija<\/li>\n<li>Mladinci: Popovi\u010d Rok, SaK Jesenice<\/li>\n<li>\u010clanice: Lukan\u010di\u010d Bernarda, SD Domel \u017delezniki<\/li>\n<li>\u010clani: Rev Klemen, SaK Jesenice<\/li>\n<li>St. \u010dlanice: Tolar Tina, SD Domel \u017delezniki<\/li>\n<li>St. \u010dlani:&nbsp;Bahun Uro\u0161, SaJ Jesenice<\/li>\n<li>Veterani: Koler Stanko, SaK Idrija<\/li>\n<li>St. veteranke: Rev Barbara, SaK Jesenice<\/li>\n<li>St. veterani: Ka\u0161trun Simon, \u0160D Podljubelj<\/li>\n<\/ul>\n","protected":false},"excerpt":{"rendered":"<p>Dve tekmi v organizaciji SaK Jesenice, po ena&nbsp;\u0160D Podljubelj in SD Domel \u017delezniki. Zmagovalci &nbsp;Pokala Slovenije po kategorijah: Cicibani: Kralj \u017diga, \u0160D Podljubelj \u0160olarke: Knific Maja, \u0160D Podljubelj \u0160olarji: Bahun Rok, SaK Jesenice Deklice: Nemec Nadja, \u0160D Podljubelj De\u010dki:&nbsp;&nbsp;Mekina Bine,&nbsp;\u017dirovnica Mladinke: Velikanje Tina, SaK Idrija Mladinci: Popovi\u010d Rok, SaK Jesenice \u010clanice: Lukan\u010di\u010d Bernarda, SD Domel &hellip; <a href=\"http:\/\/www.sankanje.com\/?page_id=414\" class=\"more-link\">Preberi ve\u010d o <span class=\"screen-reader-text\">PS 2013\/14 in DP 2014<\/span><\/a><\/p>\n","protected":false},"author":2,"featured_media":0,"parent":327,"menu_order":6,"comment_status":"closed","ping_status":"closed","template":"","meta":{"footnotes":""},"class_list":["post-414","page","type-page","status-publish","hentry"],"_links":{"self":[{"href":"http:\/\/www.sankanje.com\/index.php?rest_route=\/wp\/v2\/pages\/414","targetHints":{"allow":["GET"]}}],"collection":[{"href":"http:\/\/www.sankanje.com\/index.php?rest_route=\/wp\/v2\/pages"}],"about":[{"href":"http:\/\/www.sankanje.com\/index.php?rest_route=\/wp\/v2\/types\/page"}],"author":[{"embeddable":true,"href":"http:\/\/www.sankanje.com\/index.php?rest_route=\/wp\/v2\/users\/2"}],"replies":[{"embeddable":true,"href":"http:\/\/www.sankanje.com\/index.php?rest_route=%2Fwp%2Fv2%2Fcomments&post=414"}],"version-history":[{"count":8,"href":"http:\/\/www.sankanje.com\/index.php?rest_route=\/wp\/v2\/pages\/414\/revisions"}],"predecessor-version":[{"id":988,"href":"http:\/\/www.sankanje.com\/index.php?rest_route=\/wp\/v2\/pages\/414\/revisions\/988"}],"up":[{"embeddable":true,"href":"http:\/\/www.sankanje.com\/index.php?rest_route=\/wp\/v2\/pages\/327"}],"wp:attachment":[{"href":"http:\/\/www.sankanje.com\/index.php?rest_route=%2Fwp%2Fv2%2Fmedia&parent=414"}],"curies":[{"name":"wp","href":"https:\/\/api.w.org\/{rel}","templated":true}]}}